ivisor of j and 50.
5
Suppose -b = -3*b + 30. Let f(a) = 18*a**3 - 4*a**2 - 99*a + 205. Let d be f(2). What is the greatest common divisor of b and d?
15
Let x = 2 + 3. Suppose 8*b = x*b + 48. Suppose -3*n + 2*l + b = 0, 0*n + 5*l = -2*n - 2. Calculate the highest common divisor of n and 28.
4
Suppose 0 = -15*n + 36*n - 84. What is the greatest common divisor of n and 12004?
4
Let m = -3583 + 4041. Calculate the greatest common factor of 4 and m.
2
Suppose 4072 + 5656 = 120*z - 15112. What is the greatest common divisor of 18561 and z?
69
Suppose -2*y - y + 288 = 0. Let a(d) = 15*d**2 + 1798*d - 222. Let f be a(-120). What is the greatest common factor of f and y?
6
Let i = 323 + -321. Suppose p - i*b = 10, -35*p + 38*p - 4*b - 36 = 0. Calculate the greatest common divisor of p and 112.
16
Let u(d) = -d**2 + 6*d - 9. Let x be u(3). Suppose x = -52*y + 47*y + 140. Suppose -7*l + y = -6*l. Calculate the greatest common factor of 12 and l.
4
Suppose -14722 = -29*f - 13388. Calculate the highest common factor of f and 7406.
46
Suppose 0 = -3*j - 12, 7*j + 648 = 2*a + 11*j. Let s = 356 - a. Suppose -6 - 42 = -4*m. Calculate the highest common factor of s and m.
12
Suppose -90 + 9 = -3*j - 2*u, -4*u + 112 = 4*j. Let f = 16 - 10. Let q = 19 + f. What is the greatest common divisor of q and j?
25
Let g = 290 - 176. Let d be (-1 - -5) + (-43 - 0). Let r = d + g. Calculate the highest common divisor of r and 25.
25
Suppose 6 = -7*b - 1. Let x be (-6 + 1)/(b/2). Let y = x - -4. Calculate the greatest common divisor of 126 and y.
14
Let o be (-6820)/(-465)*3/4. What is the highest common factor of 6743 and o?
11
Suppose -4*t = 7*m - 4*m - 1745, 4*m - 2326 = -5*t. Let w = m + -142. What is the highest common divisor of w and 19?
19
Let r = 5315 - 5282. What is the highest common factor of 1309 and r?
11
Let p(b) = -2*b**3 - 4*b**2. Suppose 5*v - 15 = 5*h - 50, 0 = -h + 4. Let a be p(v). Let q = 5 + 13. Calculate the highest common factor of a and q.
18
Let l be 4/2 + (44/33 - (-2681)/3). What is the greatest common divisor of 663 and l?
39
Let k be (-21 + 59/(-2))/(1/(-10)). What is the greatest common factor of k and 20?
5
Suppose 3*r - 34*r = -132060. What is the greatest common divisor of 60 and r?
60
Let c(j) = j**3 - 11*j**2 - 34*j - 1. Let x be c(16). Calculate the highest common divisor of 98 and x.
49
Let i = -1165 - -1213. Let b(u) = u**2 + 13*u - 12. Let n be (5 - -1)/(-3)*8. Let d be b(n). What is the greatest common factor of i and d?
12
Let c(a) = 2*a**3 + 74*a**2 + 6*a + 230. Let n be c(-37). Calculate the greatest common factor of 1108 and n.
4
Let h = 11 + -5. Suppose -i + 36 = -4*n, -41*n - 51 = -i - 42*n. What is the highest common factor of i and h?
6
Let b(z) = -113*z**2 - 812*z + 5. Let o be b(-7). Calculate the highest common divisor of 209 and o.
19
Suppose -411*h = -543*h + 192324. Calculate the greatest common divisor of h and 124.
31
Let i(h) = -h**3 - h**2 - 8*h - 4. Let a be i(-5). What is the greatest common divisor of 51 and a?
17
Let m(n) = n**2 + 3*n - 4. Let s be m(-6). Suppose s*v - 1764 = 5*v. Let x be -4 + 0 + (-35)/(-14)*v. Calculate the highest common divisor of x and 54.
54
Let t(l) = -l**2 + 68*l - 49. Let d be t(33). Calculate the highest common factor of 14 and d.
14
Let f(n) = -15*n - 40. Let j be f(-4). Suppose -3*b = 2*b - j. Let w be 1/((-83)/28 + 3). What is the highest common divisor of b and w?
4
Suppose 12 - 8 = 4*h. Let c(t) = 151*t**2 - 4*t + 3. Let q be c(h). Let f = q - -2. Calculate the greatest common divisor of f and 38.
38
Let p be 191/9 + 10/(-45). Suppose r - 6 = -5*l, -5*r + 3 = l + p. Let t be 123 - (r + 18/3). What is the greatest common factor of 11 and t?
11
Let c = -36 - 376. Let m = 426 + c. Calculate the highest common factor of 112 and m.
14
Let c be 8*1 + 7/14*(6 + -6). Calculate the greatest common factor of 3356 and c.
4
Suppose -3*r + 4*x = -x - 26, r - x = 6. Suppose 0 = -g + 3*b + 49, -15*g + r*b = -11*g - 226. Calculate the greatest common factor of 174 and g.
58
Let u(j) = 4*j - 52. Let m be u(13). Suppose 5*k - 726 - 849 = m. Suppose -9*v + k = -4*v. What is the highest common divisor of 7 and v?
7
Suppose w - 329 = 103. Let b = -408 + w. Calculate the greatest common divisor of b and 60.
12
Suppose -2*b + 2*k = 0, -3*b + 4*k - 24 = -7*b. Suppose 0 = 4*l + b*a - 9, 2*l = 6*l + 5*a + 1. Calculate the highest common divisor of l and 39.
3
Let z = 21010 + -20885. Calculate the greatest common factor of z and 1525.
25
Suppose 2 = -5*u - 23, 0 = 5*m - 5*u - 1420. Calculate the highest common divisor of 5952 and m.
93
Let f(p) = 9*p**3 - 18*p**2 + 46*p - 140. Let l be f(7). What is the highest common divisor of l and 154?
77
Let w be (-30 - 10)/(-8) + (3 - -117) + 1. What is the greatest common factor of w and 1701?
63
Let b = 17 - 0. Let j = -20 + 20. Suppose j*v = -3*v + n + 563, 929 = 5*v + 3*n. Calculate the greatest common divisor of v and b.
17
Let z(j) = 136*j**2 - 51*j - 47. Let w be z(-1). Calculate the greatest common factor of w and 4004.
28
Let p be 1 - (-207 - 1 - (-288)/32). Calculate the greatest common factor of p and 120.
40
Suppose 5*q + 15 = 5*l, 7 + 22 = 5*l + 2*q. What is the highest common divisor of 785 and l?
5
Suppose 372*c - 370*c = -2, -4*c = t - 26. Calculate the greatest common factor of 3735 and t.
15
Let j(x) = 174*x + 10206. Let b be j(-57). What is the greatest common divisor of b and 3040?
32
Let v = 2381 + -803. Suppose w + 157 + 367 = s, 3*s = w + v. Calculate the greatest common divisor of 31 and s.
31
Let b(k) = 14*k + 13. Let j(y) = -29*y - 27. Let t(x) = -5*b(x) - 3*j(x). Let v = -18 + 22. Let r be t(v). What is the greatest common divisor of 36 and r?
12
Let l = -304 - -473. Let o = 170 - l. Calculate the highest common divisor of o and 25.
1
Let j be (-240)/(-100) + (-2)/5. Let v be (j + 57/2)/((-12)/(-24)). What is the highest common divisor of v and 488?
61
Let f(s) = 10 + 8 + 4 + s. Let o be f(-15). Let h = o - -3. Calculate the highest common divisor of 10 and h.
10
Let s(r) = 282*r + 2879. Let b be s(-9). Calculate the highest common factor of b and 275.
11
Let z be (-824 + 1049)*(1 - (-2)/6). Suppose -4*t + 97 = -3*m, -10 = 4*t + 3*m - 113. What is the highest common factor of t and z?
25
Let f(c) = -326*c - 943. Let o be f(-14). What is the highest common factor of o and 17?
17
Suppose 28*a - 2032 = 24*a - 5*j, 11*a - 5682 = -2*j. Let v be (-2)/(-3) + 6/(-9). Suppose 10*p + 4*p - a = v. What is the greatest common divisor of 185 and p?
37
Let b = -9772 + 9834. What is the greatest common factor of 341 and b?
31
Let h(k) = 0*k - k**2 - 6 + 2*k**2 - 5*k. Let n be h(6). Suppose w - 3*w + 9 = 5*q, n = -3*q - 3. Calculate the highest common factor of w and 42.
7
Let r be 8/(64/24)*-143. Let o = r - -471. What is the greatest common divisor of o and 294?
42
Let p = -106 - -315. Let v = -68 + p. What is the greatest common divisor of v and 47?
47
Let b(i) = 2*i - 10. Let a be b(7). Let h = -159 + 164. Let j be 240/39 - h*4/130. Calculate the greatest common factor of a and j.
2
Suppose 0 = -4*y + 3*l - 11, 3*y - l = -2 - 0. Let q be 32/(-4) + 10 - (y + -43). What is the greatest common divisor of 143 and q?
11
Let p = 318 + -314. Suppose p*j = 294 + 714. What is the highest common divisor of 14 and j?
14
Let j(x) = -x**3 - 10*x**2 + 342*x + 26. Let k be j(-25). What is the greatest common divisor of 529 and k?
23
Suppose -1865 - 7105 = 26*s. Let x = s - -389. What is the greatest common factor of x and 22?
22
Suppose 38268 = 89*l - 81081. What is the highest common divisor of 745 and l?
149
Let g be ((-6262)/(-303))/((-4)/(-246)). What is the highest common factor of g and 41?
41
Let z(l) = -13*l - 147. Let a be z(22). Let p = -161 - a. What is the highest common factor of 64 and p?
16
Let u(n) = 11 + 3*n**2 - 17 - 11*n + 6*n. Let p be u(-2). What is the greatest common divisor of 128 and p?
16
Suppose -37*g = -31*g + 146*g - 14896. What is the highest common divisor of g and 280?
14
Let s(u) = -1721*u + 3542. Let r be s(2). Let k = -155 + 230. Calculate the highest common factor of r and k.
25
Suppose -2*x + 15708 = -8654. Calculate the highest common divisor of x and 13.
13
Suppose 4*j - 16 = x - 2, -2*j - 8 = -3*x. Calculate the greates